ommon divisor of 2028 and 48.
12
Calculate the highest common divisor of 12 and 162.
6
What is the highest common divisor of 68 and 374?
34
What is the highest common factor of 1211 and 2768?
173
What is the highest common factor of 225 and 405?
45
What is the greatest common factor of 182 and 4004?
182
What is the highest common divisor of 85 and 136?
17
Calculate the highest common divisor of 18 and 82.
2
What is the greatest common divisor of 4544 and 320?
64
Calculate the highest common factor of 2673 and 176.
11
Calculate the highest common factor of 65 and 13.
13
Calculate the greatest common divisor of 18 and 6.
6
Calculate the greatest common divisor of 4494 and 84.
42
What is the greatest common factor of 362 and 4163?
181
Calculate the highest common factor of 2151 and 6.
3
What is the greatest common factor of 342 and 76?
38
Calculate the greatest common factor of 28 and 8.
4
What is the highest common factor of 80 and 70?
10
What is the highest common divisor of 663 and 143?
13
What is the greatest common divisor of 1065 and 3408?
213
What is the greatest common divisor of 80 and 3920?
80
What is the highest common factor of 854 and 488?
122
Calculate the highest common divisor of 6 and 426.
6
Calculate the highest common factor of 6 and 154.
2
Calculate the highest common factor of 65 and 80.
5
Calculate the greatest common divisor of 2255 and 110.
55
What is the highest common factor of 72 and 96?
24
Calculate the greatest common divisor of 217 and 31.
31
What is the greatest common factor of 729 and 36?
9
What is the highest common divisor of 328 and 82?
82
What is the highest common divisor of 767 and 1003?
59
Calculate the highest common divisor of 84 and 136668.
84
What is the greatest common divisor of 52 and 182?
26
What is the greatest common divisor of 98 and 119?
7
Calculate the highest common factor of 14 and 62.
2
Calculate the highest common divisor of 320 and 270.
10
What is the highest common factor of 12 and 4580?
4
What is the highest common factor of 118 and 4?
2
What is the greatest common factor of 1498 and 14?
14
What is the greatest common divisor of 7350 and 100?
50
Calculate the highest common divisor of 70301 and 154.
77
Calculate the highest common factor of 450 and 50.
50
Calculate the greatest common divisor of 2227 and 393.
131
What is the highest common factor of 84 and 24?
12
What is the highest common divisor of 54 and 1350?
54
Calculate the highest common divisor of 276 and 14214.
138
Calculate the highest common divisor of 122 and 4.
2
Calculate the greatest common factor of 23 and 207.
23
What is the greatest common divisor of 134 and 469?
67
What is the highest common factor of 64 and 24?
8
Calculate the greatest common factor of 224 and 140.
28
What is the greatest common factor of 58 and 1?
1
What is the highest common divisor of 34 and 34?
34
Calculate the greatest common factor of 25 and 70.
5
What is the greatest common factor of 47 and 235?
47
What is the greatest common factor of 258 and 172?
86
What is the greatest common divisor of 260 and 65?
65
Calculate the greatest common factor of 2412 and 132.
12
Calculate the greatest common divisor of 834 and 13066.
278
Calculate the greatest common divisor of 31 and 41137.
31
Calculate the greatest common factor of 215 and 5.
5
What is the greatest common divisor of 48 and 272?
16
What is the highest common divisor of 480 and 1536?
96
Calculate the highest common divisor of 68 and 2176.
68
Calculate the greatest common divisor of 102 and 1258.
34
What is the greatest common factor of 986 and 34?
34
What is the greatest common divisor of 32 and 4072?
8
What is the greatest common divisor of 15536 and 64?
16
Calculate the highest common factor of 1118 and 86.
86
Calculate the greatest common factor of 436 and 16.
4
Calculate the greatest common factor of 36 and 13092.
12
Calculate the greatest common factor of 6 and 310.
2
Calculate the greatest common factor of 175 and 150.
25
Calculate the highest common factor of 294 and 126.
42
What is the greatest common divisor of 1758 and 6?
6
Calculate the highest common divisor of 518 and 222.
74
What is the highest common factor of 728 and 312?
104
What is the greatest common divisor of 12 and 888?
12
What is the greatest common factor of 3991 and 52?
13
What is the highest common divisor of 48 and 336?
48
Calculate the highest common factor of 690 and 90.
30
What is the greatest common divisor of 13 and 4381?
13
Calculate the greatest common divisor of 56 and 1032.
8
What is the greatest common divisor of 655 and 15?
5
Calculate the highest common divisor of 128 and 10.
2
Calculate the greatest common factor of 21 and 21.
21
What is the greatest common divisor of 13 and 949?
13
Calculate the greatest common factor of 65234 and 676.
338
Calculate the highest common divisor of 56 and 77.
7
What is the greatest common factor of 2015 and 195?
65
Calculate the highest common divisor of 882 and 3906.
126
Calculate the highest common factor of 13 and 143.
13
Calculate the highest common divisor of 296 and 44104.
296
What is the highest common factor of 40 and 632?
8
Calculate the highest common factor of 22 and 31196.
22
Calculate the highest common factor of 16260 and 60.
60
Calculate the greatest common divisor of 63 and 1974.
21
Calculate the greatest common divisor of 11960 and 10.
10
Calculate the greatest common factor of 288 and 188064.
288
Calculate the greatest common factor of 793 and 130.
13
Calculate the highest common factor of 3431 and 73.
73
Calculate the greatest common divisor of 24 and 1944.
24
What is the greatest common divisor of 319 and 11?
11
Calculate the greatest common divisor of 609 and 168.
21
Calculate the greatest common factor of 510 and 120.
30
Calculate the greatest common factor of 48906 and 247.
247
Calculate the highest common factor of 91 and 26.
13
Calculate the highest common divisor of 4 and 1076.
4
Calculate the highest common divisor of 5893 and 83.
83
What is the greatest common divisor of 6762 and 98?
98
What is the highest common divisor of 8322 and 114?
114
Calculate the highest common divisor of 80 and 215.
5
What is the greatest common factor of 2233 and 119?
7
What is the greatest common divisor of 2 and 46?
2
What is the highest common factor of 46 and 552?
46
Calculate the greatest common factor of 138 and 1058.
46
What is the greatest common factor of 124 and 22?
2
Calculate the greatest common divisor of 403 and 899.
31
What is the greatest common factor of 184 and 88?
8
What is the highest common divisor of 432 and 6336?
144
Calculate the greatest common factor of 111 and 37.
37
What is the highest common divisor of 152 and 16?
8
What is the highest common divisor of 42 and 39?
3
What is the greatest common factor of 35 and 65?
5
What is the highest common factor of 265 and 5?
5
Calculate the greatest common divisor of 238 and 14.
14
What is the greatest common factor of 7025 and 100?
25
Calculate the highest common factor of 208 and 13.
13
What is the highest common divisor of 50 and 70?
10
Calculate the highest common divisor of 8 and 51088.
8
Calculate the highest common factor of 14 and 4354.
14
Calculate the greatest common factor of 32 and 72.
8
Calculate the greatest common divisor of 615 and 15.
15
Calculate the greatest common factor of 15 and 1215.
15
What is the highest common divisor of 17 and 51?
17
What is the highest common factor of 1612 and 372?
124
Calculate the highest common factor of 32 and 22.
2
What is the greatest common factor of 340 and 220?
20
Calculate the greatest common divisor of 92 and 621.
23
What is the highest common factor of 2 and 3226?
2
What is the greatest common factor of 10 and 25?
5
Calculate the highest common factor of 204 and 5848.
68
Calculate the highest common divisor of 134 and 6499.
67
Calculate the greatest common factor of 43 and 731.
43
Calculate the greatest common divisor of 1102 and 152.
38
Calculate the greatest common factor of 5742 and 22.
22
What is the highest common factor of 215 and 40?
5
What is the highest common divisor of 7 and 91?
7
Calculate the highest common factor of 6026 and 1310.
262
Calculate the highest common divisor of 54 and 5292.
54
Calculate the greatest common divisor o